factor of 60?
True
Is 7 a factor of 385?
True
Is 107 a factor of 107?
True
Is 44 a factor of 24923?
False
Does 13 divide 1001?
True
Is 4431 a multiple of 7?
True
Is 14153 a multiple of 85?
False
Is 86 a factor of 4214?
True
Does 2 divide 567?
False
Does 41 divide 902?
True
Does 6 divide 3299?
False
Does 22 divide 5500?
True
Does 2 divide 4234?
True
Is 9 a factor of 3751?
False
Is 82 a factor of 75575?
False
Is 13904 a multiple of 2?
True
Does 48 divide 26729?
False
Is 611 a multiple of 13?
True
Is 93 a factor of 6324?
True
Is 52 a multiple of 2?
True
Is 10159 a multiple of 13?
False
Is 1365 a multiple of 15?
True
Does 25 divide 419?
False
Is 2624 a multiple of 8?
True
Is 215 a multiple of 43?
True
Is 136 a factor of 13464?
True
Is 9 a factor of 212?
False
Is 60 a factor of 69653?
False
Does 7 divide 31703?
True
Is 11 a factor of 2442?
True
Does 87 divide 1201?
False
Is 58735 a multiple of 37?
False
Is 2230 a multiple of 40?
False
Is 134 a multiple of 52?
False
Is 1085 a multiple of 8?
False
Is 53 a factor of 4346?
True
Is 3256 a multiple of 64?
False
Is 25611 a multiple of 65?
False
Is 16596 a multiple of 36?
True
Is 2 a factor of 309?
False
Is 405 a multiple of 9?
True
Is 147 a multiple of 4?
False
Is 2211 a multiple of 20?
False
Does 47 divide 2206?
False
Is 1760 a multiple of 16?
True
Is 14013 a multiple of 81?
True
Is 7 a factor of 558?
False
Is 183 a factor of 11163?
True
Is 4 a factor of 229?
False
Is 6899 a multiple of 6?
False
Is 32450 a multiple of 55?
True
Is 3738 a multiple of 23?
False
Is 1589 a multiple of 6?
False
Is 49 a factor of 205?
False
Does 22 divide 1760?
True
Is 483 a multiple of 22?
False
Does 38 divide 8208?
True
Does 38 divide 1008?
False
Is 175 a factor of 1620?
False
Is 12928 a multiple of 30?
False
Does 19 divide 76?
True
Is 39 a factor of 32844?
False
Is 64 a factor of 37760?
True
Is 11 a factor of 88?
True
Is 471 a multiple of 3?
True
Is 23 a factor of 129?
False
Does 18 divide 7308?
True
Does 14 divide 9100?
True
Is 1125 a multiple of 125?
True
Does 15 divide 3638?
False
Does 65 divide 1560?
True
Does 111 divide 7548?
True
Is 212 a factor of 4174?
False
Does 19 divide 1233?
False
Is 32 a factor of 1600?
True
Is 1492 a multiple of 13?
False
Is 880 a multiple of 40?
True
Is 109 a factor of 4578?
True
Does 11 divide 308?
True
Is 3247 a multiple of 17?
True
Is 4 a factor of 262?
False
Is 874 a multiple of 23?
True
Does 67 divide 928?
False
Does 89 divide 89?
True
Does 42 divide 4116?
True
Is 17 a factor of 4969?
False
Is 93 a factor of 12107?
False
Is 76 a factor of 4332?
True
Is 7 a factor of 4116?
True
Is 9953 a multiple of 93?
False
Is 2024 a multiple of 88?
True
Does 38 divide 500?
False
Does 27 divide 730?
False
Does 136 divide 19040?
True
Does 8 divide 1394?
False
Does 14 divide 13753?
False
Is 3 a factor of 9810?
True
Does 54 divide 87?
False
Does 19 divide 1216?
True
Is 1078 a multiple of 154?
True
Is 400 a multiple of 20?
True
Is 56 a factor of 56?
True
Is 80 a factor of 1052?
False
Is 1152 a multiple of 6?
True
Does 26 divide 33655?
False
Does 31 divide 341?
True
Is 24628 a multiple of 21?
False
Does 11 divide 4009?
False
Is 131075 a multiple of 107?
True
Is 31311 a multiple of 147?
True
Is 2040 a multiple of 12?
True
Does 45 divide 45090?
True
Is 109857 a multiple of 303?
False
Does 53 divide 1743?
False
Does 310 divide 3512?
False
Is 673 a multiple of 13?
False
Is 14 a multiple of 10?
False
Is 6 a factor of 3845?
False
Does 6 divide 2550?
True
Is 92 a multiple of 92?
True
Is 99983 a multiple of 71?
False
Is 33 a factor of 7215?
False
Does 31 divide 527?
True
Is 40 a factor of 480?
True
Is 13 a factor of 73242?
True
Does 15 divide 195?
True
Is 2279 a multiple of 53?
True
Is 485 a multiple of 15?
False
Is 33 a factor of 3500?
False
Is 5 a factor of 480?
True
Does 98 divide 17640?
True
Is 9 a factor of 661?
False
Is 986 a multiple of 82?
False
Is 2783 a multiple of 14?
False
Is 2553 a multiple of 37?
True
Is 678 a multiple of 61?
False
Is 816 a multiple of 12?
True
Is 87522 a multiple of 29?
True
Is 4687 a multiple of 100?
False
Is 7 a factor of 48?
False
Does 29 divide 36675?
False
Is 301 a multiple of 9?
False
Is 117 a factor of 43058?
False
Is 28799 a multiple of 40?
False
Does 71 divide 25546?
False
Does 64 divide 15104?
True
Is 15 a factor of 345?
True
Is 6758 a multiple of 218?
True
Is 741 a multiple of 27?
False
Does 48 divide 967?
False
Is 569 a multiple of 24?
False
Does 10 divide 415?
False
Is 25 a factor of 341?
False
Is 251 a multiple of 5?
False
Does 7 divide 35?
True
Does 18 divide 33943?
False
Does 18 divide 5086?
False
Is 340 a multiple of 4?
True
Is 17 a factor of 27472?
True
Is 2724 a multiple of 4?
True
Does 33 divide 5115?
True
Does 5 divide 249?
False
Does 179 divide 92185?
True
Is 3 a factor of 329?
False
Is 13 a factor of 273?
True
Is 41293 a multiple of 66?
False
Does 3 divide 3932?
False
Does 8 divide 797?
False
Is 33 a factor of 2398?
False
Is 53 a factor of 34768?
True
Is 20878 a multiple of 143?
True
Is 352 a multiple of 44?
True
Is 178 a factor of 19544?
False
Does 6 divide 253?
False
Does 39 divide 189?
False
Is 2905 a multiple of 94?
False
Is 353 a multiple of 4?
False
Is 125 a factor of 8000?
True
Is 5681 a multiple of 13?
True
Is 605 a multiple of 9?
False
Is 9024 even?
True
Does 6 divide 4427?
False
Is 55 a factor of 437?
False
Is 21 a factor of 43491?
True
Is 113 a multiple of 3?
False
Is 206 a multiple of 7?
False
Does 35 divide 2331?
False
Does 78 divide 1638?
True
Is 627 a multiple of 11?
True
Is 9157 a multiple of 22?
False
Is 2147 a multiple of 37?
False
Does 3 divide 731?
False
Is 17 a factor of 1501?
False
Is 11 a factor of 11?
True
Is 2 a factor of 4?
True
Is 29 a factor of 17487?
True
Is 61 a factor of 4978?
False
Does 2 divide 60?
True
Is 22 a factor of 330?
True
Does 9 divide 15910?
False
Does 171 divide 2052?
True
Does 11 divide 143?
True
Is 756 a multiple of 30?
False
Does 221 divide 7293?
True
Does 18 divide 936?
True
Is 7959 a multiple of 32?
False
Is 16 a factor of 608?
True
Is 8 a factor of 1782?
False
Is 12 a factor of 2526?
False
Is 14 a factor of 8903?
False
Is 27000 a multiple of 250?
True
Is 292 a factor of 88101?
False
Is 16182 a multiple of 29?
True
Is 13 a factor of 15569?
False
Is 12 a factor of 8053?
False
Is 994 a multiple of 14?
True
Is 6609 a multiple of 151?
False
Is 502 a multiple of 6?
False
Does 8 divide 27504?
True
Does 3 divide 440?
False
Does 14 divide 46508?
True
Is 40 a factor of 47774?
False
Does 22 divide 792?
True
Is 41 a multiple of 41?
True
Does 18 divide 414?
True
Does 2 divide 294?
True
Is 104 a factor of 1838?
False
Is 10124 a multiple of 4?
True
Is 306 a multiple of 17?
True
Is 19532 a multiple of 141?
False
Does 3 divide 106?
False
Does 68 divide 544?
True
Does 62 divide 9441?
False
Is 15 a factor of 1230?
True
Is 106 a factor of 2500?
False
Is 55 a factor of 1291?
False
Is 5737 a multiple of 23?
False
Is 1919 a multiple of 6?
False
Does 57 divide 3762?
True
Is 16 a factor of 416?
True
Is 120 a multiple of 8?
True
Is 10488 a multiple of 4?
True
Is 131 a factor of 25247?
False
Is 1072 a multiple of 58?
False
Is 25 a factor of 42100?
True
Is 200 a multiple of 20?
True
Does 39 divide 15180?
False
Is 39 a factor of 6981?
True
Is 81 a factor of 948?
False
Is 27 a factor of 12312?
True
Does 32 divide 6016?
True
Is 60 a factor of 20760?
True
Is 1244 a multiple of 7?
False
Does 83 divide 498?
True
Is 15 even?
False
Does 16 divide 22640?
True
Is 16 a factor of 133?
False
Does 86 divide 4906?
False
Does 10 divide 1761?
False
Does 22 divide 2193?
False
Is 14 a factor of 1106?
True
Is 10 a factor of 1230?
True
Does 52 divide 6186?
False
Is 180 a multiple of 9?
True
Is 16 a factor of 320?
True
Is 62620 a multiple of 155?
True
Is 21042 a multiple of 14?
True
Does 14 divide 3328?
False
Is 37 a factor of 2729?
False
Does 12 divide 35501?
False
Does 25 divide 1200?
True
Does 12 divide 10680?
True
Is 4182 a multiple of 34?
True
Is 2 a factor of 104?
True
Does 192 divide 5952?
True
Does 31 divide 844?
False
Is 193 a multiple of 4?
False
Does 149 divide 1378?
False
Does 80 divide 1086?
False
Is 11 a factor of 2666?
False
Is 883 a multiple of 15?
False
Is 12 a factor of 1367?
False
Is 8 a factor of 456?
True
Is 22118 a multiple of 47?
False